e 15) in base 13?
-91283
What is 752422 (base 8) in base 13?
8a417
Convert -33144120 (base 6) to base 5.
-223244043
What is -5c825 (base 14) in base 11?
-145289
What is 48a96d (base 15) in base 3?
20112201102211
Convert 91055 (base 14) to base 2.
1010101000110010011
What is 5bb01b (base 13) in base 8?
10276613
-1466218 (base 9) to base 2
-11000110001000100100
What is 210011101111 (base 3) in base 2?
1100101101100011110
-2210545 (base 7) to base 16
-424e7
Convert -18555 (base 12) to base 6.
-431345
What is 40000312 (base 5) in base 9?
525703
1170443 (base 8) to base 14
8605d
Convert -112102021020211 (base 3) to base 13.
-1783618
What is -5140d (base 16) in base 4?
-1101100031
What is -101101101000000011001 (base 2) in base 14?
-2acbc5
Convert 101100111001000001 (base 2) to base 14.
4b01b
-9a551 (base 11) to base 8
-434514
125970 (base 10) to base 12
60a96
What is -2111020101 (base 3) in base 14?
-13c11
What is 1cb40a (base 15) in base 8?
5267756
-50940 (base 16) to base 10
-330048
-8753103 (base 10) to base 15
-b7d7a3
What is 73773 (base 8) in base 3?
1120010121
4c44d5 (base 14) to base 12
a667a3
What is 220001030331 (base 4) in base 13?
223400a
1224052 (base 7) to base 14
41562
-19121761 (base 10) to base 7
-321350401
-2303102221 (base 4) to base 16
-b34a9
Convert 10100001010101101 (base 2) to base 14.
22165
What is 400030 (base 8) in base 16?
20018
-112220000230 (base 4) to base 5
-3004243202
Convert -126cd6 (base 14) to base 6.
-21325340
What is -100001001011010111100 (base 2) in base 7?
-12145401
What is 2d88d0 (base 14) in base 9?
3006067
Convert 201141344 (base 5) to base 16.
c3fa4
5362e (base 15) to base 9
443018
Convert 303210230 (base 4) to base 8.
634454
What is -3544803 (base 9) in base 10?
-1919379
-3371100 (base 8) to base 9
-1642667
Convert 13776b4 (base 13) to base 5.
3034012110
-2314144 (base 8) to base 12
-263ab0
What is -7c321 (base 13) in base 5?
-24224300
Convert 231a0 (base 11) to base 8.
101342
Convert d757c (base 14) to base 9.
871811
What is -21090a8 (base 12) in base 13?
-13a4833
Convert 50521500 (base 6) to base 15.
1d71d3
-22954a9 (base 11) to base 12
-1411337
What is 257791 (base 10) in base 13?
90451
-43079 (base 14) to base 9
-266203
Convert 110000011111101010011101 (base 2) to base 10.
12712605
bb1ab (base 13) to base 3
122012112112
What is -1656564 (base 7) in base 16?
-38d8d
What is 400552402 (base 6) in base 7?
111332201
80444 (base 16) to base 14
d9672
What is -21800558 (base 9) in base 7?
-155562665
What is 8483b1 (base 13) in base 8?
13654137
Convert 18917 (base 15) to base 9.
131254
1896b0 (base 15) to base 8
4440351
Convert 82840 (base 9) to base 11.
38054
-896407 (base 13) to base 15
-44058d
Convert 10010000111001100011 (base 2) to base 3.
1010011010202
-392531 (base 11) to base 16
-96eef
Convert -45101421 (base 7) to base 12.
-1380996
1a8027 (base 11) to base 12
134136
29256 (base 13) to base 4
102313320
Convert 490b2 (base 14) to base 6.
3454244
Convert 20221012112 (base 3) to base 12.
66b88
-2153303 (base 6) to base 13
-3a3cb
What is -1431123 (base 10) in base 13?
-3b1525
What is 1c032 (base 14) in base 8?
213334
-82062 (base 10) to base 16
-1408e
-12220201221 (base 3) to base 13
-41008
What is -2301322332 (base 4) in base 13?
-1c692c
What is 1044022 (base 8) in base 9?
466811
What is 335401555 (base 6) in base 16?
5dbdef
Convert -101001011202100 (base 3) to base 11.
-3016206
4b19b (base 14) to base 10
184181
Convert 11210011 (base 4) to base 14.
843b
What is 62f4d (base 16) in base 15?
8016a
-100101100100011100 (base 2) to base 3
-21211002102
10011101 (base 7) to base 5
202420322
4557307 (base 9) to base 13
681439
Convert -4549a8 (base 14) to base 5.
-1100400024
What is 674042 (base 8) in base 15?
47577
-14066 (base 8) to base 9
-8446
-1741a9a (base 11) to base 10
-2960132
Convert 1433400022 (base 5) to base 9.
7145442
Convert -255030000 (base 6) to base 16.
-4c3bf0
What is -14342 (base 6) in base 14?
-b9c
304003300 (base 5) to base 2
100101101011110001001
What is -10125314 (base 9) in base 10?
-4859041
Convert 73163705 (base 8) to base 9.
32183381
What is 1005455 (base 7) in base 11?
81948
Convert 11110001120 (base 3) to base 5.
10300042
What is -2020222202212 (base 3) in base 11?
-74aa51
Convert -1324121432 (base 5) to base 11.
-1987750
What is -20011100012 (base 3) in base 14?
-32298
Convert 5b026 (base 16) to base 14.
99bca
Convert 22233021 (base 5) to base 8.
576653
Convert -20611551 (base 7) to base 11.
-a96576
What is 10000100110000111110100 (base 2) in base 10?
4350452
What is -2ba2ca (base 16) in base 13?
-791858
Convert -264616151 (base 7) to base 6.
-1405212322
What is -121547 (base 14) in base 13?
-188657
What is -186260 (base 9) in base 7?
-662364
Convert 22064545 (base 9) to base 13.
2298434
-12164040 (base 7) to base 6
-35221010
Convert a45f62 (base 16) to base 13.
2302272
-126520 (base 9) to base 7
-440253
31421202 (base 5) to base 7
2146316
What is 52a6c (base 13) in base 6?
3105415
Convert -12100222221 (base 3) to base 16.
-19ce7
1070201 (base 8) to base 2
1000111000010000001
Convert -10251753 (base 8) to base 12.
-893ba3
Convert 43301552 (base 6) to base 12.
51a8b8
What is -10100000001110001 (base 2) in base 11?
-566a6
22002113 (base 5) to base 3
100112120221
What is 2033124300 (base 5) in base 16?
3ff8c2
26622224 (base 7) to base 8
11303442
Convert -3001323422 (base 5) to base 14.
-ad3128
What is 28862 (base 10) in base 16?
70be
What is -110000100001100101 (base 2) in base 7?
-1455316
What is -330565 (base 7) in base 12?
-29624
Convert 2980244 (base 11) to base 16.
4df8ef
13e5ed (base 16) to base 9
2406728
1022002212100 (base 3) to base 7
5605362
-1a4734 (base 13) to base 10
-666917
Convert -126635 (base 9) to base 6.
-1352435
Convert -130793 (base 10) to base 8.
-377351
43341302 (base 5) to base 15
750d7
What is 10101000010001101111 (base 2) in base 16?
a846f
-dcb4 (base 14) to base 2
-1001010100100110
What is 811654 (base 12) in base 14?
3a5da8
What is 44013145 (base 7) in base 13?
a1c269
232cc (base 16) to base 7
1140022
-110121221 (base 4) to base 5
-10133221
What is -1207094 (base 11) in base 2?
-1000000001011100101011
Convert 1550366 (base 7) to base 13.
76478
-1281360 (base 9) to base 13
-1b8010
1100110001010101001000 (base 2) to base 7
40312206
1434220221 (base 5) to base 2
1110100100101000011101
-10011010000011101 (base 2) to base 15
-18587
What is 71a87d (base 14) in base 7?
44400616
Convert 1210021000001 (base 3) to base 11.
599735
Convert -1bc4c (base 16) to base 6.
-2234324
What is 80602 (base 10) in base 13?
2a8c2
Convert 815113 (base 9) to base 12.
1b3403
-830e7 (base 16) to base 7
-4364015
-1124431 (base 6) to base 15
-12301
What is -211560 (base 8) in base 6?
-1302240
18b77 (base 14) to base 9
104817
What is 246333466 (base 7) in base 16?
eddcd5
404377 (base 8) to base 10
133375
-11100001000011 (base 2) to base 4
-3201003
52134441 (base 7) to base 13
ba3ccc
Convert -869a25 (base 12) to base 2.
-1000001000100001111101
What is 336264 (base 15) in base 16?
25656a
Convert a66a3b (base 13) to base 2.
1110110111111101010010
73a46a (base 11) to base 6
41222450
99ab0 (base 15) to base 4
1313033133
What is -202201042 (base 5) in base 2?
-11000111111011010001
Convert 14300345 (base 6) to base 10.
490025
-2131404 (base 6) to base 12
-50b64
What is -1287470 (base 11) in base 5?
-1032030134
c9aaa (base 14) to base 11
303543
What is -761699 (base 16) in base 14?
-10564c1
-2a6c6 (base 13) to base 11
-55341
What is 557027 (base 8) in base 13?
676cc
Convert 12001202102102 (base 3) to base 16.
2912c0
Convert 95706 (base 14) to base 10.
360842
1eb48 (base 15) to base 6
2052522
Convert -11653664 (base 7) to base 2.
-100000001101010110000
4fea4b (base 16) to base 8
23765113
What is 10513335 (base 6) in base 13?
b309c
Convert -1234e46 (base 15) to base 5.
-11321443331
-10c20 (base 14) to base 3
-2001221222
Convert -536871 (base 10) to base 2.
-10000011000100100111
-6d53a1 (base 15) to base 7
-62320603
-324304 (base 6) to base 15
-7e81
Convert 695b0 (base 12) to base 8.
423024
Convert 3bc80 (base 14) to base 15.
2dc4b
Convert 25777231 (base 9) to base 7.
212562253
Convert -5203497 (base 10) to base 4.
-103312120221
108b5b (base 13) to base 14
a25c8
Convert -2273d1 (base 16) to base 